{"id":52,"date":"2014-04-26T16:20:53","date_gmt":"2014-04-26T14:20:53","guid":{"rendered":"http:\/\/home.agh.edu.pl\/~tdziedzi\/test_IA\/?page_id=52"},"modified":"2022-04-25T14:31:19","modified_gmt":"2022-04-25T12:31:19","slug":"rekrutacja-2","status":"publish","type":"page","link":"https:\/\/msia.agh.edu.pl\/?page_id=52","title":{"rendered":"Rekrutacja"},"content":{"rendered":"<p align=\"justify\">Rekrutacja na studia odbywa si\u0119 poprzez og\u00f3lnouczelnian\u0105 platform\u0119 rekrutacyjn\u0105, kt\u00f3r\u0105 mo\u017cna znale\u017a\u0107 w dziale dla kandydat\u00f3w g\u0142\u00f3wnej strony internetowej AGH.<\/p>\n<p align=\"justify\">Absolwent szko\u0142y \u015bredniej, kt\u00f3ry chce studiowa\u0107 In\u017cynieri\u0119 Akustyczn\u0105 powinien by\u0107 \u015bwiadomy, \u017ce s\u0105 to studia in\u017cynierskie, a zatem k\u0142adzie si\u0119 du\u017cy nacisk na takie dziedziny wiedzy jak matematyka, fizyka oraz elektronika.<\/p>\n<p align=\"justify\">O przyj\u0119ciu na studia decyduje pozycja w rankingu kandydat\u00f3w.<\/p>\n<p align=\"justify\">Szczeg\u00f3\u0142 na temat warunk\u00f3w i procedury rekrutacji na studia:<\/p>\n<p align=\"justify\"><a href=\"https:\/\/rekrutacja.agh.edu.pl\/warunki-rekrutacji\/\">https:\/\/rekrutacja.agh.edu.pl\/warunki-rekrutacji\/<\/a><\/p>\n<p align=\"justify\">\n","protected":false},"excerpt":{"rendered":"<p>Rekrutacja na studia odbywa si\u0119 poprzez og\u00f3lnouczelnian\u0105 platform\u0119 rekrutacyjn\u0105, kt\u00f3r\u0105 mo\u017cna znale\u017a\u0107 w dziale dla kandydat\u00f3w g\u0142\u00f3wnej strony internetowej AGH. Absolwent szko\u0142y \u015bredniej, kt\u00f3ry chce studiowa\u0107 In\u017cynieri\u0119 Akustyczn\u0105 powinien by\u0107 \u015bwiadomy, \u017ce s\u0105 to studia in\u017cynierskie, a zatem k\u0142adzie si\u0119 du\u017cy nacisk na takie dziedziny wiedzy jak matematyka, fizyka oraz elektronika. O przyj\u0119ciu na studia [&hellip;]<\/p>\n","protected":false},"author":1,"featured_media":119,"parent":5,"menu_order":0,"comment_status":"closed","ping_status":"closed","template":"","meta":{"footnotes":""},"class_list":["post-52","page","type-page","status-publish","has-post-thumbnail","hentry"],"_links":{"self":[{"href":"https:\/\/msia.agh.edu.pl\/index.php?rest_route=\/wp\/v2\/pages\/52","targetHints":{"allow":["GET"]}}],"collection":[{"href":"https:\/\/msia.agh.edu.pl\/index.php?rest_route=\/wp\/v2\/pages"}],"about":[{"href":"https:\/\/msia.agh.edu.pl\/index.php?rest_route=\/wp\/v2\/types\/page"}],"author":[{"embeddable":true,"href":"https:\/\/msia.agh.edu.pl\/index.php?rest_route=\/wp\/v2\/users\/1"}],"replies":[{"embeddable":true,"href":"https:\/\/msia.agh.edu.pl\/index.php?rest_route=%2Fwp%2Fv2%2Fcomments&post=52"}],"version-history":[{"count":20,"href":"https:\/\/msia.agh.edu.pl\/index.php?rest_route=\/wp\/v2\/pages\/52\/revisions"}],"predecessor-version":[{"id":484,"href":"https:\/\/msia.agh.edu.pl\/index.php?rest_route=\/wp\/v2\/pages\/52\/revisions\/484"}],"up":[{"embeddable":true,"href":"https:\/\/msia.agh.edu.pl\/index.php?rest_route=\/wp\/v2\/pages\/5"}],"wp:featuredmedia":[{"embeddable":true,"href":"https:\/\/msia.agh.edu.pl\/index.php?rest_route=\/wp\/v2\/media\/119"}],"wp:attachment":[{"href":"https:\/\/msia.agh.edu.pl\/index.php?rest_route=%2Fwp%2Fv2%2Fmedia&parent=52"}],"curies":[{"name":"wp","href":"https:\/\/api.w.org\/{rel}","templated":true}]}}